{"id":1193,"date":"2019-06-24T11:09:47","date_gmt":"2019-06-24T09:09:47","guid":{"rendered":"https:\/\/kosztolanyigimnazium.hu\/?page_id=1193"},"modified":"2020-11-19T10:01:26","modified_gmt":"2020-11-19T09:01:26","slug":"boldogiskola","status":"publish","type":"page","link":"https:\/\/kosztolanyigimnazium.hu\/?page_id=1193","title":{"rendered":"BoldogIskola"},"content":{"rendered":"\n<p>A vil\u00e1got csak \u00fagy tudjuk megv\u00e1ltoztatni, ha<strong> boldogs\u00e1gra<\/strong>, <strong>toleranci\u00e1ra<\/strong> \u00e9s <strong>egy\u00fctt\u00e9rz\u00e9sre<\/strong> nevelj\u00fck a j\u00f6v\u0151 nemzed\u00e9ket. T\u00e1rsadalmunkb\u00f3l hi\u00e1nyzik a megfelel\u0151 mennyis\u00e9g\u0171 kedvess\u00e9g, val\u00f3di \u00f6r\u00f6m, egy\u00fctt\u00e9rz\u00e9s \u00e9s az \u0151szinte t\u00f6r\u0151d\u00e9s m\u00e1sok j\u00f3ll\u00e9t\u00e9vel.<\/p>\n\n\n\n<div class=\"wp-block-group\"><div class=\"wp-block-group__inner-container is-layout-flow wp-block-group-is-layout-flow\">\n<div class=\"wp-block-image\"><figure class=\"aligncenter size-thumbnail\"><img loading=\"lazy\" decoding=\"async\" width=\"150\" height=\"150\" src=\"https:\/\/kosztolanyigimnazium.hu\/wp-content\/uploads\/2019\/06\/boldogiskola-1-150x150.png\" alt=\"\" class=\"wp-image-1197\"\/><\/figure><\/div>\n\n\n\n<p>Nagyon sokan vannak, akik ugyan\u00edgy gondolj\u00e1k.<\/p>\n\n\n\n<p>Alapvet\u0151 emberi \u00e9rt\u00e9keket kell tan\u00edtanunk, azokat a bels\u0151 \u00e9rt\u00e9keket, amelyek ott vannak minden ember sz\u00edv\u00e9ben.Az emberis\u00e9g j\u00f6v\u0151j\u00e9t alak\u00edt\u00f3 nemzed\u00e9khez tartozunk. Meg kell tan\u00edtanunk a fiataloknak, hogy mi a boldogs\u00e1g \u00e9s el\u00e9gedetts\u00e9g forr\u00e1sa.\u00a0<\/p>\n<\/div><\/div>\n\n\n\n<p>A Jobb Veled a Vil\u00e1g Alap\u00edtv\u00e1ny Boldogs\u00e1g\u00f3ra programja ennek a fontos folyamatnak a r\u00e9sze: c\u00e9lja, hogy seg\u00edtsen min\u00e9l t\u00f6bb emberhez eljuttatni a szeretet, a tolerancia \u00e9s a boldogs\u00e1g \u00fczenet\u00e9t.&nbsp;<\/p>\n\n\n\n<p>Egy\u00fcttes er\u0151vel \u00e9s olyan j\u00f6v\u0151k\u00e9ppel, amely az eg\u00e9sz emberis\u00e9g \u00e9rdek\u00e9t szem el\u0151tt tartja, el\u00e9rhetj\u00fck, hogy a j\u00f6v\u0151 gener\u00e1ci\u00f3ja sz\u00e1m\u00e1ra a vil\u00e1g sokkal jobb hely lehessen.&nbsp;<\/p>\n\n\n\n<p class=\"has-text-align-right\"><em>Bevezet\u0151<\/em><br><strong>Boldogs\u00e1g\u00f3ra k\u00e9zik\u00f6nyv<\/strong><\/p>\n\n\n<a href=\"https:\/\/kosztolanyigimnazium.hu\/wp-content\/uploads\/2020\/11\/boldogovodaiskola2020_oklevel_P248.pdf\" class=\"pdfemb-viewer\" style=\"\" data-width=\"max\" data-height=\"max\" data-toolbar=\"both\" data-toolbar-fixed=\"off\">boldogovodaiskola2020_oklevel_P248<\/a>\n<p class=\"wp-block-pdfemb-pdf-embedder-viewer\"><\/p>\n","protected":false},"excerpt":{"rendered":"<p>A vil\u00e1got csak \u00fagy tudjuk megv\u00e1ltoztatni, ha boldogs\u00e1gra, toleranci\u00e1ra \u00e9s egy\u00fctt\u00e9rz\u00e9sre nevelj\u00fck a j\u00f6v\u0151 nemzed\u00e9ket. T\u00e1rsadalmunkb\u00f3l hi\u00e1nyzik a megfelel\u0151 mennyis\u00e9g\u0171 kedvess\u00e9g, val\u00f3di \u00f6r\u00f6m, egy\u00fctt\u00e9rz\u00e9s \u00e9s az \u0151szinte t\u00f6r\u0151d\u00e9s m\u00e1sok j\u00f3ll\u00e9t\u00e9vel. Nagyon sokan vannak, akik ugyan\u00edgy gondolj\u00e1k. Alapvet\u0151 emberi \u00e9rt\u00e9keket kell <a href=\"https:\/\/kosztolanyigimnazium.hu\/?page_id=1193\" class=\"read-more\">Olvass tov\u00e1bb&#8230;<\/a><\/p>\n","protected":false},"author":1,"featured_media":1195,"parent":616,"menu_order":0,"comment_status":"closed","ping_status":"closed","template":"","meta":{"footnotes":""},"class_list":["post-1193","page","type-page","status-publish","has-post-thumbnail","hentry"],"_links":{"self":[{"href":"https:\/\/kosztolanyigimnazium.hu\/index.php?rest_route=\/wp\/v2\/pages\/1193","targetHints":{"allow":["GET"]}}],"collection":[{"href":"https:\/\/kosztolanyigimnazium.hu\/index.php?rest_route=\/wp\/v2\/pages"}],"about":[{"href":"https:\/\/kosztolanyigimnazium.hu\/index.php?rest_route=\/wp\/v2\/types\/page"}],"author":[{"embeddable":true,"href":"https:\/\/kosztolanyigimnazium.hu\/index.php?rest_route=\/wp\/v2\/users\/1"}],"replies":[{"embeddable":true,"href":"https:\/\/kosztolanyigimnazium.hu\/index.php?rest_route=%2Fwp%2Fv2%2Fcomments&post=1193"}],"version-history":[{"count":3,"href":"https:\/\/kosztolanyigimnazium.hu\/index.php?rest_route=\/wp\/v2\/pages\/1193\/revisions"}],"predecessor-version":[{"id":2513,"href":"https:\/\/kosztolanyigimnazium.hu\/index.php?rest_route=\/wp\/v2\/pages\/1193\/revisions\/2513"}],"up":[{"embeddable":true,"href":"https:\/\/kosztolanyigimnazium.hu\/index.php?rest_route=\/wp\/v2\/pages\/616"}],"wp:featuredmedia":[{"embeddable":true,"href":"https:\/\/kosztolanyigimnazium.hu\/index.php?rest_route=\/wp\/v2\/media\/1195"}],"wp:attachment":[{"href":"https:\/\/kosztolanyigimnazium.hu\/index.php?rest_route=%2Fwp%2Fv2%2Fmedia&parent=1193"}],"curies":[{"name":"wp","href":"https:\/\/api.w.org\/{rel}","templated":true}]}}