{"id":130,"date":"2019-04-16T07:02:58","date_gmt":"2019-04-16T07:02:58","guid":{"rendered":"http:\/\/localhost:8888\/?page_id=130"},"modified":"2019-04-18T08:18:58","modified_gmt":"2019-04-18T08:18:58","slug":"dokumentumok","status":"publish","type":"page","link":"https:\/\/kosztolanyigimnazium.hu\/?page_id=130","title":{"rendered":"Dokumentumok"},"content":{"rendered":"\n<h2 class=\"wp-block-heading\">Kosztol\u00e1nyi Dezs\u0151 Gimn\u00e1zium hivatalos dokumentumai, azaz a k\u00f6telez\u0151 k\u00f6zz\u00e9t\u00e9teli lista elemei.<\/h2>\n","protected":false},"excerpt":{"rendered":"<p>Kosztol\u00e1nyi Dezs\u0151 Gimn\u00e1zium hivatalos dokumentumai, azaz a k\u00f6telez\u0151 k\u00f6zz\u00e9t\u00e9teli lista elemei.<\/p>\n","protected":false},"author":1,"featured_media":131,"parent":620,"menu_order":0,"comment_status":"closed","ping_status":"closed","template":"","meta":{"footnotes":""},"class_list":["post-130","page","type-page","status-publish","has-post-thumbnail","hentry"],"_links":{"self":[{"href":"https:\/\/kosztolanyigimnazium.hu\/index.php?rest_route=\/wp\/v2\/pages\/130","targetHints":{"allow":["GET"]}}],"collection":[{"href":"https:\/\/kosztolanyigimnazium.hu\/index.php?rest_route=\/wp\/v2\/pages"}],"about":[{"href":"https:\/\/kosztolanyigimnazium.hu\/index.php?rest_route=\/wp\/v2\/types\/page"}],"author":[{"embeddable":true,"href":"https:\/\/kosztolanyigimnazium.hu\/index.php?rest_route=\/wp\/v2\/users\/1"}],"replies":[{"embeddable":true,"href":"https:\/\/kosztolanyigimnazium.hu\/index.php?rest_route=%2Fwp%2Fv2%2Fcomments&post=130"}],"version-history":[{"count":1,"href":"https:\/\/kosztolanyigimnazium.hu\/index.php?rest_route=\/wp\/v2\/pages\/130\/revisions"}],"predecessor-version":[{"id":132,"href":"https:\/\/kosztolanyigimnazium.hu\/index.php?rest_route=\/wp\/v2\/pages\/130\/revisions\/132"}],"up":[{"embeddable":true,"href":"https:\/\/kosztolanyigimnazium.hu\/index.php?rest_route=\/wp\/v2\/pages\/620"}],"wp:featuredmedia":[{"embeddable":true,"href":"https:\/\/kosztolanyigimnazium.hu\/index.php?rest_route=\/wp\/v2\/media\/131"}],"wp:attachment":[{"href":"https:\/\/kosztolanyigimnazium.hu\/index.php?rest_route=%2Fwp%2Fv2%2Fmedia&parent=130"}],"curies":[{"name":"wp","href":"https:\/\/api.w.org\/{rel}","templated":true}]}}