{"id":267,"date":"2019-04-16T14:59:38","date_gmt":"2019-04-16T14:59:38","guid":{"rendered":"http:\/\/localhost:8888\/?page_id=267"},"modified":"2019-04-22T20:04:52","modified_gmt":"2019-04-22T20:04:52","slug":"hulladekcsokkentesi-het","status":"publish","type":"page","link":"https:\/\/kosztolanyigimnazium.hu\/?page_id=267","title":{"rendered":"Hullad\u00e9kcs\u00f6kkent\u00e9si H\u00e9t"},"content":{"rendered":"\n<h2 class=\"wp-block-heading\">Az akci\u00f3 keret\u00e9ben, &#8222;Hullad\u00e9kb\u00f3l kimentett t\u00e1rgyak \u00faj \u00e9lete&#8221; c\u00edmmel t\u00e1rlatot szerveztek sz\u00e1mos di\u00e1k bevon\u00e1s\u00e1val.<br><\/h2>\n\n\n\n<figure class=\"wp-block-image\"><img loading=\"lazy\" decoding=\"async\" width=\"960\" height=\"540\" src=\"http:\/\/localhost:8888\/wp-content\/uploads\/2019\/04\/kdg-kepek-oldal-okoiskola-projekt-05.png\" alt=\"\u00d6KO term\u00e9kek\" class=\"wp-image-268\" srcset=\"https:\/\/kosztolanyigimnazium.hu\/wp-content\/uploads\/2019\/04\/kdg-kepek-oldal-okoiskola-projekt-05.png 960w, https:\/\/kosztolanyigimnazium.hu\/wp-content\/uploads\/2019\/04\/kdg-kepek-oldal-okoiskola-projekt-05-300x169.png 300w, https:\/\/kosztolanyigimnazium.hu\/wp-content\/uploads\/2019\/04\/kdg-kepek-oldal-okoiskola-projekt-05-768x432.png 768w, https:\/\/kosztolanyigimnazium.hu\/wp-content\/uploads\/2019\/04\/kdg-kepek-oldal-okoiskola-projekt-05-360x203.png 360w\" sizes=\"auto, (max-width: 960px) 100vw, 960px\" \/><figcaption>\u00d6KO term\u00e9kek<\/figcaption><\/figure>\n\n\n\n<p>Iskol\u00e1nk m\u0171v\u00e9szetek munkak\u00f6z\u00f6ss\u00e9ge csatlakozott az Eur\u00f3pai Hullad\u00e9kcs\u00f6kkent\u00e9si H\u00e9t elnevez\u00e9s\u0171 programhoz. Az akci\u00f3 keret\u00e9ben, &#8222;Hullad\u00e9kb\u00f3l kimentett t\u00e1rgyak \u00faj \u00e9lete&#8221; c\u00edmmel t\u00e1rlatot szerveztek sz\u00e1mos di\u00e1k bevon\u00e1s\u00e1val. <\/p>\n\n\n\n<p>Ki\u00e1ll\u00edt\u00e1sra ker\u00fclt nagyon sok kreat\u00edv \u00f6tlet, amelyekkel az \u00fajrahasznos\u00edt\u00e1s lehet\u0151s\u00e9geit mutatt\u00e1k be. L\u00e1that\u00f3 volt t\u00f6bbek k\u00f6z\u00f6tt: kiselejtez\u00e9sre v\u00e1r\u00f3 de fel\u00faj\u00edtott sz\u00e9kek, pap\u00edrhullad\u00e9kb\u00f3l k\u00e9sz\u00fclt f\u00e9nyk\u00e9ptart\u00f3k, m\u0171v\u00e9szeti alkot\u00e1sk\u00e9nt \u00fajj\u00e1\u00e9led\u0151 elektronikai hullad\u00e9kok, b\u00fatorok, f\u00e9mdobozb\u00f3l k\u00e9sz\u00fclt hangfal, pet palackb\u00f3l mad\u00e1retet\u0151, telf\u00f6l\u00f6sdobozb\u00f3l vir\u00e1gtart\u00f3, textilhullad\u00e9kb\u00f3l falik\u00e9p.<\/p>\n\n\n\n<p>K\u00e9peink a&nbsp;<a href=\"https:\/\/www.facebook.com\/pg\/kdgbp\/photos\/?tab=album&amp;album_id=1383984538396102\">Facebook-on<\/a>, vide\u00f3ink a&nbsp;<a href=\"https:\/\/www.youtube.com\/playlist?list=PLoByY9zV9nOdRF2xnoKF-tCPJv47ZNCKx\">Youtube-on megtekinthet\u0151ek<\/a>.<\/p>\n","protected":false},"excerpt":{"rendered":"<p>Az akci\u00f3 keret\u00e9ben, &#8222;Hullad\u00e9kb\u00f3l kimentett t\u00e1rgyak \u00faj \u00e9lete&#8221; c\u00edmmel t\u00e1rlatot szerveztek sz\u00e1mos di\u00e1k bevon\u00e1s\u00e1val. Iskol\u00e1nk m\u0171v\u00e9szetek munkak\u00f6z\u00f6ss\u00e9ge csatlakozott az Eur\u00f3pai Hullad\u00e9kcs\u00f6kkent\u00e9si H\u00e9t elnevez\u00e9s\u0171 programhoz. Az akci\u00f3 keret\u00e9ben, &#8222;Hullad\u00e9kb\u00f3l kimentett t\u00e1rgyak \u00faj \u00e9lete&#8221; c\u00edmmel t\u00e1rlatot szerveztek sz\u00e1mos di\u00e1k bevon\u00e1s\u00e1val. Ki\u00e1ll\u00edt\u00e1sra ker\u00fclt <a href=\"https:\/\/kosztolanyigimnazium.hu\/?page_id=267\" class=\"read-more\">Olvass tov\u00e1bb&#8230;<\/a><\/p>\n","protected":false},"author":1,"featured_media":269,"parent":616,"menu_order":0,"comment_status":"closed","ping_status":"closed","template":"","meta":{"footnotes":""},"class_list":["post-267","page","type-page","status-publish","has-post-thumbnail","hentry"],"_links":{"self":[{"href":"https:\/\/kosztolanyigimnazium.hu\/index.php?rest_route=\/wp\/v2\/pages\/267","targetHints":{"allow":["GET"]}}],"collection":[{"href":"https:\/\/kosztolanyigimnazium.hu\/index.php?rest_route=\/wp\/v2\/pages"}],"about":[{"href":"https:\/\/kosztolanyigimnazium.hu\/index.php?rest_route=\/wp\/v2\/types\/page"}],"author":[{"embeddable":true,"href":"https:\/\/kosztolanyigimnazium.hu\/index.php?rest_route=\/wp\/v2\/users\/1"}],"replies":[{"embeddable":true,"href":"https:\/\/kosztolanyigimnazium.hu\/index.php?rest_route=%2Fwp%2Fv2%2Fcomments&post=267"}],"version-history":[{"count":1,"href":"https:\/\/kosztolanyigimnazium.hu\/index.php?rest_route=\/wp\/v2\/pages\/267\/revisions"}],"predecessor-version":[{"id":270,"href":"https:\/\/kosztolanyigimnazium.hu\/index.php?rest_route=\/wp\/v2\/pages\/267\/revisions\/270"}],"up":[{"embeddable":true,"href":"https:\/\/kosztolanyigimnazium.hu\/index.php?rest_route=\/wp\/v2\/pages\/616"}],"wp:featuredmedia":[{"embeddable":true,"href":"https:\/\/kosztolanyigimnazium.hu\/index.php?rest_route=\/wp\/v2\/media\/269"}],"wp:attachment":[{"href":"https:\/\/kosztolanyigimnazium.hu\/index.php?rest_route=%2Fwp%2Fv2%2Fmedia&parent=267"}],"curies":[{"name":"wp","href":"https:\/\/api.w.org\/{rel}","templated":true}]}}