{"id":323,"date":"2019-04-16T18:39:52","date_gmt":"2019-04-16T18:39:52","guid":{"rendered":"http:\/\/localhost:8888\/?page_id=323"},"modified":"2022-06-02T09:34:43","modified_gmt":"2022-06-02T08:34:43","slug":"youtube-kdg","status":"publish","type":"page","link":"https:\/\/kosztolanyigimnazium.hu\/?page_id=323","title":{"rendered":"Youtube (KDG)"},"content":{"rendered":"\n<p>Kosztol\u00e1nyi Dezs\u0151 Gimn\u00e1zium saj\u00e1t Youtube csatorn\u00e1ja \u00e9rdekes vide\u00f3kkal k\u00eds\u00e9rletekr\u0151l \u00e9s az iskola \u00e9let\u00e9b\u0151l<\/p>\n\n\n\n<p class=\"has-text-align-center\"><a href=\"https:\/\/www.youtube.com\/channel\/UCJeeya2t5sAofGFqPXhY8OA\" class=\"ek-link\">el\u00e9rhet\u0151 ide kattintva.<\/a><\/p>\n","protected":false},"excerpt":{"rendered":"<p>Kosztol\u00e1nyi Dezs\u0151 Gimn\u00e1zium saj\u00e1t Youtube csatorn\u00e1ja \u00e9rdekes vide\u00f3kkal k\u00eds\u00e9rletekr\u0151l \u00e9s az iskola \u00e9let\u00e9b\u0151l el\u00e9rhet\u0151 ide kattintva.<\/p>\n","protected":false},"author":1,"featured_media":17,"parent":21,"menu_order":0,"comment_status":"closed","ping_status":"closed","template":"","meta":{"footnotes":""},"class_list":["post-323","page","type-page","status-publish","has-post-thumbnail","hentry"],"_links":{"self":[{"href":"https:\/\/kosztolanyigimnazium.hu\/index.php?rest_route=\/wp\/v2\/pages\/323","targetHints":{"allow":["GET"]}}],"collection":[{"href":"https:\/\/kosztolanyigimnazium.hu\/index.php?rest_route=\/wp\/v2\/pages"}],"about":[{"href":"https:\/\/kosztolanyigimnazium.hu\/index.php?rest_route=\/wp\/v2\/types\/page"}],"author":[{"embeddable":true,"href":"https:\/\/kosztolanyigimnazium.hu\/index.php?rest_route=\/wp\/v2\/users\/1"}],"replies":[{"embeddable":true,"href":"https:\/\/kosztolanyigimnazium.hu\/index.php?rest_route=%2Fwp%2Fv2%2Fcomments&post=323"}],"version-history":[{"count":5,"href":"https:\/\/kosztolanyigimnazium.hu\/index.php?rest_route=\/wp\/v2\/pages\/323\/revisions"}],"predecessor-version":[{"id":3790,"href":"https:\/\/kosztolanyigimnazium.hu\/index.php?rest_route=\/wp\/v2\/pages\/323\/revisions\/3790"}],"up":[{"embeddable":true,"href":"https:\/\/kosztolanyigimnazium.hu\/index.php?rest_route=\/wp\/v2\/pages\/21"}],"wp:featuredmedia":[{"embeddable":true,"href":"https:\/\/kosztolanyigimnazium.hu\/index.php?rest_route=\/wp\/v2\/media\/17"}],"wp:attachment":[{"href":"https:\/\/kosztolanyigimnazium.hu\/index.php?rest_route=%2Fwp%2Fv2%2Fmedia&parent=323"}],"curies":[{"name":"wp","href":"https:\/\/api.w.org\/{rel}","templated":true}]}}