{"id":3397,"date":"2022-02-06T18:30:59","date_gmt":"2022-02-06T17:30:59","guid":{"rendered":"https:\/\/kosztolanyigimnazium.hu\/?page_id=3397"},"modified":"2022-02-06T18:31:00","modified_gmt":"2022-02-06T17:31:00","slug":"okoiskolai-beszamolok","status":"publish","type":"page","link":"https:\/\/kosztolanyigimnazium.hu\/?page_id=3397","title":{"rendered":"\u00d6koiskolai Besz\u00e1mol\u00f3k"},"content":{"rendered":"\n<p>Az almen\u00fckben tal\u00e1lhat\u00f3ak a besz\u00e1mol\u00f3k.<\/p>\n","protected":false},"excerpt":{"rendered":"<p>Az almen\u00fckben tal\u00e1lhat\u00f3ak a besz\u00e1mol\u00f3k.<\/p>\n","protected":false},"author":1,"featured_media":1174,"parent":332,"menu_order":1,"comment_status":"closed","ping_status":"closed","template":"","meta":{"footnotes":""},"class_list":["post-3397","page","type-page","status-publish","has-post-thumbnail","hentry"],"_links":{"self":[{"href":"https:\/\/kosztolanyigimnazium.hu\/index.php?rest_route=\/wp\/v2\/pages\/3397","targetHints":{"allow":["GET"]}}],"collection":[{"href":"https:\/\/kosztolanyigimnazium.hu\/index.php?rest_route=\/wp\/v2\/pages"}],"about":[{"href":"https:\/\/kosztolanyigimnazium.hu\/index.php?rest_route=\/wp\/v2\/types\/page"}],"author":[{"embeddable":true,"href":"https:\/\/kosztolanyigimnazium.hu\/index.php?rest_route=\/wp\/v2\/users\/1"}],"replies":[{"embeddable":true,"href":"https:\/\/kosztolanyigimnazium.hu\/index.php?rest_route=%2Fwp%2Fv2%2Fcomments&post=3397"}],"version-history":[{"count":2,"href":"https:\/\/kosztolanyigimnazium.hu\/index.php?rest_route=\/wp\/v2\/pages\/3397\/revisions"}],"predecessor-version":[{"id":3399,"href":"https:\/\/kosztolanyigimnazium.hu\/index.php?rest_route=\/wp\/v2\/pages\/3397\/revisions\/3399"}],"up":[{"embeddable":true,"href":"https:\/\/kosztolanyigimnazium.hu\/index.php?rest_route=\/wp\/v2\/pages\/332"}],"wp:featuredmedia":[{"embeddable":true,"href":"https:\/\/kosztolanyigimnazium.hu\/index.php?rest_route=\/wp\/v2\/media\/1174"}],"wp:attachment":[{"href":"https:\/\/kosztolanyigimnazium.hu\/index.php?rest_route=%2Fwp%2Fv2%2Fmedia&parent=3397"}],"curies":[{"name":"wp","href":"https:\/\/api.w.org\/{rel}","templated":true}]}}