{"id":3441,"date":"2022-02-20T17:10:29","date_gmt":"2022-02-20T16:10:29","guid":{"rendered":"https:\/\/kosztolanyigimnazium.hu\/?page_id=3441"},"modified":"2022-02-20T17:10:51","modified_gmt":"2022-02-20T16:10:51","slug":"okoiskolai-kodex","status":"publish","type":"page","link":"https:\/\/kosztolanyigimnazium.hu\/?page_id=3441","title":{"rendered":"\u00d6koiskolai K\u00f3dex"},"content":{"rendered":"\n<p><strong>B\u00fcszk\u00e9k vagyunk r\u00e1, hogy 2016 \u00f3ta \u00d6koiskola vagyunk!<\/strong><\/p>\n\n\n\n<h2 class=\"wp-block-heading\" id=\"kornyezetvedelmi-iranyelveink\">K\u00f6rnyezetv\u00e9delmi ir\u00e1nyelveink:<\/h2>\n\n\n\n<ol class=\"wp-block-list\"><li>Szelekt\u00edven gy\u0171jtj\u00fck az elemet, a PET palackot, a pap\u00edrt!<\/li><li>A tanterem elhagy\u00e1sakor a villanyt lekapcsolja maga ut\u00e1n az utols\u00f3 ember!<\/li><li>Odafigyel\u00fcnk a takar\u00e9kos v\u00edzhaszn\u00e1latra, nem hagyunk magunk ut\u00e1n cs\u00f6p\u00f6g\u0151 csapot!<\/li><li>A mad\u00e1retet\u0151nkben biztos\u00edtjuk a madaraknak az \u00e9lelmet!<\/li><li>Az \u00e9telt megbecs\u00fclj\u00fck, ez\u00e9rt a hozott \u00e9s az iskol\u00e1ban kapott \u00e9telt nem dobjuk ki!<\/li><li>A tanteremben l\u00e9v\u0151 n\u00f6v\u00e9nyeinket rendszeresen \u00f6nt\u00f6zz\u00fck!<\/li><li>A k\u00f6rnyezetv\u00e9delem jeles napjait sz\u00e1mon tartjuk \u00e9s megeml\u00e9kez\u00fcnk r\u00f3luk!<\/li><li>Lehet\u0151s\u00e9geink szerint az iskol\u00e1ba gyalog vagy ker\u00e9kp\u00e1rral j\u00e1runk \u00e9s el\u0151t\u00e9rbe helyezz\u00fck a t\u00f6megk\u00f6zleked\u00e9st!<\/li><li>Rendszeresen r\u00e9szt vesz\u00fcnk k\u00f6rnyezetv\u00e9delmi programokon!<\/li><li>Az oszt\u00e1lyaink dekor\u00e1l\u00e1s\u00e1ban el\u0151t\u00e9rbe helyezz\u00fck az \u00fajrahasznos\u00edtott anyagokat!<\/li><li>Az \u00f6ko-k\u00f3dexben foglaltak betart\u00e1s\u00e1ra eg\u00e9sz \u00e9vben t\u00f6reksz\u00fcnk!<\/li><\/ol>\n","protected":false},"excerpt":{"rendered":"<p>B\u00fcszk\u00e9k vagyunk r\u00e1, hogy 2016 \u00f3ta \u00d6koiskola vagyunk! K\u00f6rnyezetv\u00e9delmi ir\u00e1nyelveink: Szelekt\u00edven gy\u0171jtj\u00fck az elemet, a PET palackot, a pap\u00edrt! A tanterem elhagy\u00e1sakor a villanyt lekapcsolja maga ut\u00e1n az utols\u00f3 ember! Odafigyel\u00fcnk a takar\u00e9kos v\u00edzhaszn\u00e1latra, nem hagyunk magunk ut\u00e1n cs\u00f6p\u00f6g\u0151 csapot! <a href=\"https:\/\/kosztolanyigimnazium.hu\/?page_id=3441\" class=\"read-more\">Olvass tov\u00e1bb&#8230;<\/a><\/p>\n","protected":false},"author":1,"featured_media":1178,"parent":332,"menu_order":0,"comment_status":"closed","ping_status":"closed","template":"","meta":{"footnotes":""},"class_list":["post-3441","page","type-page","status-publish","has-post-thumbnail","hentry"],"_links":{"self":[{"href":"https:\/\/kosztolanyigimnazium.hu\/index.php?rest_route=\/wp\/v2\/pages\/3441","targetHints":{"allow":["GET"]}}],"collection":[{"href":"https:\/\/kosztolanyigimnazium.hu\/index.php?rest_route=\/wp\/v2\/pages"}],"about":[{"href":"https:\/\/kosztolanyigimnazium.hu\/index.php?rest_route=\/wp\/v2\/types\/page"}],"author":[{"embeddable":true,"href":"https:\/\/kosztolanyigimnazium.hu\/index.php?rest_route=\/wp\/v2\/users\/1"}],"replies":[{"embeddable":true,"href":"https:\/\/kosztolanyigimnazium.hu\/index.php?rest_route=%2Fwp%2Fv2%2Fcomments&post=3441"}],"version-history":[{"count":1,"href":"https:\/\/kosztolanyigimnazium.hu\/index.php?rest_route=\/wp\/v2\/pages\/3441\/revisions"}],"predecessor-version":[{"id":3442,"href":"https:\/\/kosztolanyigimnazium.hu\/index.php?rest_route=\/wp\/v2\/pages\/3441\/revisions\/3442"}],"up":[{"embeddable":true,"href":"https:\/\/kosztolanyigimnazium.hu\/index.php?rest_route=\/wp\/v2\/pages\/332"}],"wp:featuredmedia":[{"embeddable":true,"href":"https:\/\/kosztolanyigimnazium.hu\/index.php?rest_route=\/wp\/v2\/media\/1178"}],"wp:attachment":[{"href":"https:\/\/kosztolanyigimnazium.hu\/index.php?rest_route=%2Fwp%2Fv2%2Fmedia&parent=3441"}],"curies":[{"name":"wp","href":"https:\/\/api.w.org\/{rel}","templated":true}]}}

Ökoiskolai Kódex

<p><strong>Büszkék vagyunk rá, hogy 2016 óta Ökoiskola vagyunk!</strong></p>



<h2 class="wp-block-heading" id="kornyezetvedelmi-iranyelveink">Környezetvédelmi irányelveink:</h2>



<ol class="wp-block-list"><li>Szelektíven gyűjtjük az elemet, a PET palackot, a papírt!</li><li>A tanterem elhagyásakor a villanyt lekapcsolja maga után az utolsó ember!</li><li>Odafigyelünk a takarékos vízhasználatra, nem hagyunk magunk után csöpögő csapot!</li><li>A madáretetőnkben biztosítjuk a madaraknak az élelmet!</li><li>Az ételt megbecsüljük, ezért a hozott és az iskolában kapott ételt nem dobjuk ki!</li><li>A tanteremben lévő növényeinket rendszeresen öntözzük!</li><li>A környezetvédelem jeles napjait számon tartjuk és megemlékezünk róluk!</li><li>Lehetőségeink szerint az iskolába gyalog vagy kerékpárral járunk és előtérbe helyezzük a tömegközlekedést!</li><li>Rendszeresen részt veszünk környezetvédelmi programokon!</li><li>Az osztályaink dekorálásában előtérbe helyezzük az újrahasznosított anyagokat!</li><li>Az öko-kódexben foglaltak betartására egész évben törekszünk!</li></ol>

<p>Büszkék vagyunk rá, hogy 2016 óta Ökoiskola vagyunk! Környezetvédelmi irányelveink: Szelektíven gyűjtjük az elemet, a PET palackot, a papírt! A tanterem elhagyásakor a villanyt lekapcsolja maga után az utolsó ember! Odafigyelünk a takarékos vízhasználatra, nem hagyunk magunk után csöpögő csapot! <a href="https://kosztolanyigimnazium.hu/?page_id=3441" class="read-more">Olvass tovább&#8230;</a></p>
