{"id":441,"date":"2019-04-16T21:59:39","date_gmt":"2019-04-16T21:59:39","guid":{"rendered":"http:\/\/localhost:8888\/?page_id=441"},"modified":"2025-11-10T09:18:00","modified_gmt":"2025-11-10T08:18:00","slug":"nyilt-nap","status":"publish","type":"page","link":"https:\/\/kosztolanyigimnazium.hu\/?page_id=441","title":{"rendered":"Ny\u00edlt nap"},"content":{"rendered":"\n<h2 class=\"wp-block-heading\">Iskol\u00e1nk leend\u0151 di\u00e1kjainak \u00e9s az \u00e9rdekl\u0151d\u0151knek, sz\u00fcleiknek tart ny\u00edlt napot \u00e9s sz\u00fcl\u0151i t\u00e1j\u00e9koztat\u00f3t.<\/h2>\n\n\n\n<h2 class=\"wp-block-heading\"><strong><strong>Sz\u00fcl\u0151i t\u00e1j\u00e9koztat\u00f3 4 \u00e9vfolyamosba jelentkez\u0151k sz\u00fcleinek (9.-be men\u0151k):<\/strong><\/strong><\/h2>\n\n\n\n<ul class=\"wp-block-list\">\n<li>2025. november 12-\u00e9n 17:00 \u00f3rakor&nbsp;<strong>(szem\u00e9lyes)<\/strong><\/li>\n<\/ul>\n\n\n\n<h2 class=\"wp-block-heading\">Nyilt nap:<\/h2>\n\n\n\n<ul class=\"wp-block-list\">\n<li>2025 okt\u00f3ber 9-ei ny\u00edlt napra jelentkez\u00e9s (8-asok) &#8211; regisztr\u00e1ci\u00f3<\/li>\n\n\n\n<li>2025 november 5-ei ny\u00edlt napra jelentkez\u00e9s&nbsp; (8-asok) &#8211; betelt<\/li>\n<\/ul>\n\n\n\n<p class=\"has-text-align-left has-small-font-size\"><em>Sz\u00fcl\u0151i t\u00e1j\u00e9koztat\u00f3k k\u00f6z\u00f6tt tartalomban nincsen k\u00fcl\u00f6nbs\u00e9g!<\/em><\/p>\n\n\n\n<h2 class=\"wp-block-heading\"><strong><strong>Sz\u00fcl\u0151i t\u00e1j\u00e9koztat\u00f3 8 \u00e9vfolyamosba jelentkez\u0151k sz\u00fcleinek (leend\u0151 5-esek):<\/strong><\/strong><\/h2>\n\n\n\n<ul class=\"wp-block-list\">\n<li>2025. okt\u00f3ber 9-\u00e9n 17:00 \u00f3rakor (szem\u00e9lyes)<\/li>\n\n\n\n<li>2025.&nbsp;&nbsp;november 5-\u00e9n&nbsp;17:00 \u00f3rakor (szem\u00e9lyes)<\/li>\n<\/ul>\n\n\n\n<h2 class=\"wp-block-heading\">Nyilt nap:<\/h2>\n\n\n\n<ul class=\"wp-block-list\">\n<li>2025 november 12-ei ny\u00edlt napra jelentkez\u00e9s (4-esek) &#8211; <a href=\"https:\/\/docs.google.com\/forms\/d\/e\/1FAIpQLSciLnag6aXIm8rByca9ZFOCU-EQOQsE7l7B3I2Umb-v8_ET_A\/viewform\" data-type=\"post_tag\" data-id=\"317\">regisztr\u00e1ci\u00f3<\/a><\/li>\n<\/ul>\n\n\n\n<p class=\"has-text-align-left has-small-font-size\"> <em>Sz\u00fcl\u0151i t\u00e1j\u00e9koztat\u00f3k k\u00f6z\u00f6tt tartalomban nincsen k\u00fcl\u00f6nbs\u00e9g!<\/em> <\/p>\n\n\n\n<p><\/p>\n\n\n\n<p><\/p>\n","protected":false},"excerpt":{"rendered":"<p>Iskol\u00e1nk leend\u0151 di\u00e1kjainak \u00e9s az \u00e9rdekl\u0151d\u0151knek, sz\u00fcleiknek tart ny\u00edlt napot \u00e9s sz\u00fcl\u0151i t\u00e1j\u00e9koztat\u00f3t. Sz\u00fcl\u0151i t\u00e1j\u00e9koztat\u00f3 4 \u00e9vfolyamosba jelentkez\u0151k sz\u00fcleinek (9.-be men\u0151k): Nyilt nap: Sz\u00fcl\u0151i t\u00e1j\u00e9koztat\u00f3k k\u00f6z\u00f6tt tartalomban nincsen k\u00fcl\u00f6nbs\u00e9g! Sz\u00fcl\u0151i t\u00e1j\u00e9koztat\u00f3 8 \u00e9vfolyamosba jelentkez\u0151k sz\u00fcleinek (leend\u0151 5-esek): Nyilt nap: Sz\u00fcl\u0151i <a href=\"https:\/\/kosztolanyigimnazium.hu\/?page_id=441\" class=\"read-more\">Olvass tov\u00e1bb&#8230;<\/a><\/p>\n","protected":false},"author":1,"featured_media":0,"parent":392,"menu_order":0,"comment_status":"closed","ping_status":"closed","template":"","meta":{"footnotes":""},"class_list":["post-441","page","type-page","status-publish","hentry"],"_links":{"self":[{"href":"https:\/\/kosztolanyigimnazium.hu\/index.php?rest_route=\/wp\/v2\/pages\/441","targetHints":{"allow":["GET"]}}],"collection":[{"href":"https:\/\/kosztolanyigimnazium.hu\/index.php?rest_route=\/wp\/v2\/pages"}],"about":[{"href":"https:\/\/kosztolanyigimnazium.hu\/index.php?rest_route=\/wp\/v2\/types\/page"}],"author":[{"embeddable":true,"href":"https:\/\/kosztolanyigimnazium.hu\/index.php?rest_route=\/wp\/v2\/users\/1"}],"replies":[{"embeddable":true,"href":"https:\/\/kosztolanyigimnazium.hu\/index.php?rest_route=%2Fwp%2Fv2%2Fcomments&post=441"}],"version-history":[{"count":50,"href":"https:\/\/kosztolanyigimnazium.hu\/index.php?rest_route=\/wp\/v2\/pages\/441\/revisions"}],"predecessor-version":[{"id":5358,"href":"https:\/\/kosztolanyigimnazium.hu\/index.php?rest_route=\/wp\/v2\/pages\/441\/revisions\/5358"}],"up":[{"embeddable":true,"href":"https:\/\/kosztolanyigimnazium.hu\/index.php?rest_route=\/wp\/v2\/pages\/392"}],"wp:attachment":[{"href":"https:\/\/kosztolanyigimnazium.hu\/index.php?rest_route=%2Fwp%2Fv2%2Fmedia&parent=441"}],"curies":[{"name":"wp","href":"https:\/\/api.w.org\/{rel}","templated":true}]}}