{"id":447,"date":"2019-04-17T00:08:27","date_gmt":"2019-04-16T22:08:27","guid":{"rendered":"http:\/\/localhost:8888\/?page_id=447"},"modified":"2019-10-19T20:23:39","modified_gmt":"2019-10-19T18:23:39","slug":"atvetel","status":"publish","type":"page","link":"https:\/\/kosztolanyigimnazium.hu\/?page_id=447","title":{"rendered":"\u00c1tv\u00e9tel"},"content":{"rendered":"\n<h1 class=\"wp-block-heading\">Tudnival\u00f3k becsatlakozni k\u00edv\u00e1n\u00f3 k\u00f6z\u00e9piskolai tanul\u00f3k \u00e9s sz\u00fcleik sz\u00e1m\u00e1ra<\/h1>\n\n\n\n<ol class=\"wp-block-list\"><li>K\u00e9rj\u00fck, t\u00e1j\u00e9koz\u00f3djon el\u0151zetesen a Pedag\u00f3giai programunkb\u00f3l, hogy van-e az \u00d6n sz\u00e1m\u00e1ra megfelel\u0151 k\u00e9pz\u00e9s\u00fcnk! (Pl. tanult idegen nyelvek, tagozat, orient\u00e1ci\u00f3k \u00f6sszehasonl\u00edt\u00e1sa)<\/li><li>A Pedag\u00f3giai programunk szerint 4,00-es \u00e1tlag f\u00f6l\u00f6tt javasoljuk az \u00e1tv\u00e9telt, a z\u00f6kken\u0151mentes becsatlakoz\u00e1s \u00e9s a teljes\u00edtm\u00e9nyroml\u00e1s elker\u00fcl\u00e9se v\u00e9gett.<\/li><li>Az \u00e1tjelentkez\u00e9s els\u0151 l\u00e9p\u00e9se egy \u00e1tv\u00e9teli k\u00e9relem \u00edr\u00e1sa az igazgat\u00f3nak c\u00edmezve az iskolai <a href=\"http:\/\/localhost:8888\/kapcsolat\/uzenet-az-iskolanak\/\">e-mail c\u00edmre<\/a>, melyben indokolja, hogy mi\u00e9rt szeretne k\u00f6z\u00e9piskol\u00e1t v\u00e1ltani, \u00e9s csatolja eddigi k\u00f6z\u00e9piskolai bizony\u00edtv\u00e1nyainak, aktu\u00e1lis \u00e9rdemjegyeinek m\u00e1solat\u00e1t is.<\/li><li>Amennyiben a megjel\u00f6lt tagozaton\/\u00e9vfolyamon van hely\u00fcnk, eredm\u00e9nyeinek \u00e9s az oszt\u00e1ly(ok) strukt\u00far\u00e1j\u00e1nak f\u00fcggv\u00e9ny\u00e9ben lehet\u0151s\u00e9get biztos\u00edtunk az oszt\u00e1lyf\u0151n\u00f6k-jel\u00f6ltekb\u0151l, szaktan\u00e1rokb\u00f3l \u00e1ll\u00f3 bizotts\u00e1ggal folytatott \u00e1tv\u00e9teli besz\u00e9lget\u00e9sre, ill. \u00edr\u00e1sbeli \u00e9s sz\u00f3beli tud\u00e1sszint-felm\u00e9r\u00e9sre. Erre <strong>augusztus, janu\u00e1r \u00e9s j\u00fanius <\/strong>h\u00f3napokban, az \u00e9ves Munkatervben el\u0151re meghat\u00e1rozott napokon ker\u00fcl sor.<\/li><li>A bizotts\u00e1g javaslat\u00e1nak figyelembe v\u00e9tel\u00e9vel az igazgat\u00f3 d\u00f6nt az \u00e1tv\u00e9telr\u0151l\/elutas\u00edt\u00e1sr\u00f3l.<\/li><li>Az \u00e1tv\u00e9tel felt\u00e9telek\u00e9nt az igazgat\u00f3 <strong>k\u00fcl\u00f6nb\u00f6zeti vizsg\u00e1k<\/strong> teljes\u00edt\u00e9s\u00e9t \u00edrhatja el\u0151, amelynek m\u00f3dj\u00e1t \u00e9s id\u0151pontj\u00e1t az igazgat\u00f3 hat\u00e1rozza meg.<\/li><\/ol>\n\n\n\n<p><strong>11-12. \u00e9vfolyamra csak k\u00fcl\u00f6nlegesen indokolt esetben vesz\u00fcnk \u00e1t tanul\u00f3t.<\/strong><\/p>\n\n\n\n<h2 class=\"wp-block-heading\">2019\/2020. tan\u00e9v<\/h2>\n\n\n\n<p>K\u00fcl\u00f6nb\u00f6zeti vizsg\u00e1k id\u0151pontja: <strong>2020. janu\u00e1r 15. <\/strong>\u00e9s <strong>2020. j\u00fanius 2.<\/strong><\/p>\n\n\n\n<p>K\u00e9rj\u00fck, hogy minden vizsg\u00e1z\u00f3 jelenjen meg (\u00fcnnepl\u0151ben).<\/p>\n","protected":false},"excerpt":{"rendered":"<p>Tudnival\u00f3k becsatlakozni k\u00edv\u00e1n\u00f3 k\u00f6z\u00e9piskolai tanul\u00f3k \u00e9s sz\u00fcleik sz\u00e1m\u00e1ra K\u00e9rj\u00fck, t\u00e1j\u00e9koz\u00f3djon el\u0151zetesen a Pedag\u00f3giai programunkb\u00f3l, hogy van-e az \u00d6n sz\u00e1m\u00e1ra megfelel\u0151 k\u00e9pz\u00e9s\u00fcnk! (Pl. tanult idegen nyelvek, tagozat, orient\u00e1ci\u00f3k \u00f6sszehasonl\u00edt\u00e1sa) A Pedag\u00f3giai programunk szerint 4,00-es \u00e1tlag f\u00f6l\u00f6tt javasoljuk az \u00e1tv\u00e9telt, a z\u00f6kken\u0151mentes <a href=\"https:\/\/kosztolanyigimnazium.hu\/?page_id=447\" class=\"read-more\">Olvass tov\u00e1bb&#8230;<\/a><\/p>\n","protected":false},"author":1,"featured_media":0,"parent":392,"menu_order":0,"comment_status":"closed","ping_status":"closed","template":"","meta":{"footnotes":""},"class_list":["post-447","page","type-page","status-publish","hentry"],"_links":{"self":[{"href":"https:\/\/kosztolanyigimnazium.hu\/index.php?rest_route=\/wp\/v2\/pages\/447","targetHints":{"allow":["GET"]}}],"collection":[{"href":"https:\/\/kosztolanyigimnazium.hu\/index.php?rest_route=\/wp\/v2\/pages"}],"about":[{"href":"https:\/\/kosztolanyigimnazium.hu\/index.php?rest_route=\/wp\/v2\/types\/page"}],"author":[{"embeddable":true,"href":"https:\/\/kosztolanyigimnazium.hu\/index.php?rest_route=\/wp\/v2\/users\/1"}],"replies":[{"embeddable":true,"href":"https:\/\/kosztolanyigimnazium.hu\/index.php?rest_route=%2Fwp%2Fv2%2Fcomments&post=447"}],"version-history":[{"count":3,"href":"https:\/\/kosztolanyigimnazium.hu\/index.php?rest_route=\/wp\/v2\/pages\/447\/revisions"}],"predecessor-version":[{"id":1500,"href":"https:\/\/kosztolanyigimnazium.hu\/index.php?rest_route=\/wp\/v2\/pages\/447\/revisions\/1500"}],"up":[{"embeddable":true,"href":"https:\/\/kosztolanyigimnazium.hu\/index.php?rest_route=\/wp\/v2\/pages\/392"}],"wp:attachment":[{"href":"https:\/\/kosztolanyigimnazium.hu\/index.php?rest_route=%2Fwp%2Fv2%2Fmedia&parent=447"}],"curies":[{"name":"wp","href":"https:\/\/api.w.org\/{rel}","templated":true}]}}

Átvétel

<h1 class="wp-block-heading">Tudnivalók becsatlakozni kívánó középiskolai tanulók és szüleik számára</h1>



<ol class="wp-block-list"><li>Kérjük, tájékozódjon előzetesen a Pedagógiai programunkból, hogy van-e az Ön számára megfelelő képzésünk! (Pl. tanult idegen nyelvek, tagozat, orientációk összehasonlítása)</li><li>A Pedagógiai programunk szerint 4,00-es átlag fölött javasoljuk az átvételt, a zökkenőmentes becsatlakozás és a teljesítményromlás elkerülése végett.</li><li>Az átjelentkezés első lépése egy átvételi kérelem írása az igazgatónak címezve az iskolai <a href="http://localhost:8888/kapcsolat/uzenet-az-iskolanak/">e-mail címre</a>, melyben indokolja, hogy miért szeretne középiskolát váltani, és csatolja eddigi középiskolai bizonyítványainak, aktuális érdemjegyeinek másolatát is.</li><li>Amennyiben a megjelölt tagozaton/évfolyamon van helyünk, eredményeinek és az osztály(ok) struktúrájának függvényében lehetőséget biztosítunk az osztályfőnök-jelöltekből, szaktanárokból álló bizottsággal folytatott átvételi beszélgetésre, ill. írásbeli és szóbeli tudásszint-felmérésre. Erre <strong>augusztus, január és június </strong>hónapokban, az éves Munkatervben előre meghatározott napokon kerül sor.</li><li>A bizottság javaslatának figyelembe vételével az igazgató dönt az átvételről/elutasításról.</li><li>Az átvétel feltételeként az igazgató <strong>különbözeti vizsgák</strong> teljesítését írhatja elő, amelynek módját és időpontját az igazgató határozza meg.</li></ol>



<p><strong>11-12. évfolyamra csak különlegesen indokolt esetben veszünk át tanulót.</strong></p>



<h2 class="wp-block-heading">2019/2020. tanév</h2>



<p>Különbözeti vizsgák időpontja: <strong>2020. január 15. </strong>és <strong>2020. június 2.</strong></p>



<p>Kérjük, hogy minden vizsgázó jelenjen meg (ünneplőben).</p>

<p>Tudnivalók becsatlakozni kívánó középiskolai tanulók és szüleik számára Kérjük, tájékozódjon előzetesen a Pedagógiai programunkból, hogy van-e az Ön számára megfelelő képzésünk! (Pl. tanult idegen nyelvek, tagozat, orientációk összehasonlítása) A Pedagógiai programunk szerint 4,00-es átlag fölött javasoljuk az átvételt, a zökkenőmentes <a href="https://kosztolanyigimnazium.hu/?page_id=447" class="read-more">Olvass tovább&#8230;</a></p>
