{"id":480,"date":"2019-04-17T07:52:47","date_gmt":"2019-04-17T07:52:47","guid":{"rendered":"http:\/\/localhost:8888\/?page_id=480"},"modified":"2019-04-22T20:47:41","modified_gmt":"2019-04-22T20:47:41","slug":"kerelmek","status":"publish","type":"page","link":"https:\/\/kosztolanyigimnazium.hu\/?page_id=480","title":{"rendered":"K\u00e9relmek"},"content":{"rendered":"\n<p>Az iskol\u00e1hoz int\u00e9zett k\u00e9relmek formanyomtatv\u00e1nyai.<\/p>\n\n\n\n<div class=\"wp-block-file\"><a href=\"https:\/\/kosztolanyigimnazium.hu\/wp-content\/uploads\/2019\/04\/kdg-kerelmek-kulonbozetivizsga-2017.pdf\">Kosztol\u00e1nyi Dezs\u0151 Gimn\u00e1zium &#8211; K\u00e9relem K\u00fcl\u00f6nb\u00f6zeti Vizsg\u00e1hoz: <\/a><a href=\"https:\/\/kosztolanyigimnazium.hu\/wp-content\/uploads\/2019\/04\/kdg-kerelmek-kulonbozetivizsga-2017.pdf\" class=\"wp-block-file__button\" download>Let\u00f6lt\u00e9s<\/a><\/div>\n\n\n\n<hr class=\"wp-block-separator\"\/>\n\n\n\n<h4 class=\"wp-block-heading\">Mindennapos testnevel\u00e9s 2 \u00f3r\u00e1ja al\u00f3li felment\u00e9si k\u00e9relem&nbsp;<\/h4>\n\n\n\n<p>A nemzeti k\u00f6znevel\u00e9sr\u0151l sz\u00f3l\u00f3 2011. \u00e9vi CXC. t\u00f6rv\u00e9ny alapj\u00e1n a&nbsp;<strong>mindennapos testnevel\u00e9s heti 2 \u00f3r\u00e1ja al\u00f3l felment\u00e9s adhat\u00f3<\/strong>&nbsp;az al\u00e1bbiak szerint:<\/p>\n\n\n\n<p>&#8222;Az iskola a nappali rendszer\u0171 iskolai oktat\u00e1sban azokban az oszt\u00e1lyokban, amelyekben k\u00f6zismereti oktat\u00e1s is folyik, azokon a tan\u00edt\u00e1si napokon, amelyeken k\u00f6zismereti vagy szakmai elm\u00e9leti oktat\u00e1s is folyik, megszervezi a&nbsp;mindennapos testnevel\u00e9st legal\u00e1bb napi egy testnevel\u00e9s \u00f3ra keret\u00e9ben, amelyb\u0151l legfeljebb <strong>heti k\u00e9t \u00f3ra<\/strong><\/p>\n\n\n\n<ul class=\"wp-block-list\"><li>a kerettanterv testnevel\u00e9s tant\u00e1rgyra vonatkoz\u00f3 rendelkez\u00e9seiben meghat\u00e1rozott oktat\u00e1sszervez\u00e9si form\u00e1kkal, m\u0171velts\u00e9gter\u00fcleti oktat\u00e1ssal,<\/li><li>versenyszer\u0171en sporttev\u00e9kenys\u00e9get folytat\u00f3&nbsp;igazolt, egyes\u00fcleti tags\u00e1ggal rendelkez\u0151 vagy amat\u0151r sportol\u00f3i sportszerz\u0151d\u00e9s alapj\u00e1n sportol\u00f3 tanul\u00f3 k\u00e9relme alapj\u00e1n a tan\u00e9vre \u00e9rv\u00e9nyes&nbsp;versenyenged\u00e9lye \u00e9s a&nbsp;sportszervezete \u00e1ltal ki\u00e1ll\u00edtott igazol\u00e1s birtok\u00e1ban a sportszervezet keretei k\u00f6z\u00f6tt szervezett edz\u00e9ssel,<\/li><li>egyes\u00fcletben legal\u00e1bb heti k\u00e9t \u00f3ra sporttev\u00e9kenys\u00e9get folytat\u00f3&nbsp;tanul\u00f3 k\u00e9relme alapj\u00e1n &#8211; amennyiben d\u00e9lut\u00e1n szervezett testnevel\u00e9s \u00f3r\u00e1val \u00fctk\u00f6zik &#8211; a f\u00e9l\u00e9vre \u00e9rv\u00e9nyes,&nbsp;az egyes\u00fclet \u00e1ltal ki\u00e1ll\u00edtott igazol\u00e1ssal&nbsp;v\u00e1lthat\u00f3 ki.<\/li><\/ul>\n\n\n\n<p>A felment\u00e9si k\u00e9relem a&nbsp;let\u00f6lthet\u0151, mell\u00e9klet\u00e9t k\u00e9pezi a sportszervezet\/egyes\u00fclet \u00e1ltal az adott iskolai tan\u00e9vre ki\u00e1ll\u00edtott igazol\u00e1s. A sz\u00fcl\u0151 \u00e1ltal al\u00e1\u00edrt k\u00e9relmek sportszervezeti igazol\u00e1ssal egy\u00fctt t\u00f6rt\u00e9n\u0151&nbsp;lead\u00e1si hat\u00e1rideje: <strong>minden \u00e9v szeptember 15.<\/strong><\/p>\n\n\n\n<p>A mindennapos testnevel\u00e9s iskolai&nbsp;csoportjainak szervez\u00e9si feladatai miatt a&nbsp;hat\u00e1rid\u0151t k\u00f6vet\u0151en k\u00e9relmet nem tudunk elfogadni! Meg\u00e9rt\u00e9s\u00fcket k\u00f6sz\u00f6nj\u00fck.<\/p>\n\n\n\n<div class=\"wp-block-file\"><a href=\"https:\/\/kosztolanyigimnazium.hu\/wp-content\/uploads\/2019\/04\/kdg-kerelmek-mindennapostestneveles.pdf\">Kosztol\u00e1nyi Dezs\u0151 Gimn\u00e1zium &#8211; K\u00e9relem Mindennapos Testnevel\u00e9s felment\u00e9s: <\/a><a href=\"https:\/\/kosztolanyigimnazium.hu\/wp-content\/uploads\/2019\/04\/kdg-kerelmek-mindennapostestneveles.pdf\" class=\"wp-block-file__button\" download>Let\u00f6lt\u00e9s<\/a><\/div>\n","protected":false},"excerpt":{"rendered":"<p>Az iskol\u00e1hoz int\u00e9zett k\u00e9relmek formanyomtatv\u00e1nyai. Mindennapos testnevel\u00e9s 2 \u00f3r\u00e1ja al\u00f3li felment\u00e9si k\u00e9relem&nbsp; A nemzeti k\u00f6znevel\u00e9sr\u0151l sz\u00f3l\u00f3 2011. \u00e9vi CXC. t\u00f6rv\u00e9ny alapj\u00e1n a&nbsp;mindennapos testnevel\u00e9s heti 2 \u00f3r\u00e1ja al\u00f3l felment\u00e9s adhat\u00f3&nbsp;az al\u00e1bbiak szerint: &#8222;Az iskola a nappali rendszer\u0171 iskolai oktat\u00e1sban azokban az <a href=\"https:\/\/kosztolanyigimnazium.hu\/?page_id=480\" class=\"read-more\">Olvass tov\u00e1bb&#8230;<\/a><\/p>\n","protected":false},"author":1,"featured_media":0,"parent":130,"menu_order":0,"comment_status":"closed","ping_status":"closed","template":"","meta":{"footnotes":""},"class_list":["post-480","page","type-page","status-publish","hentry"],"_links":{"self":[{"href":"https:\/\/kosztolanyigimnazium.hu\/index.php?rest_route=\/wp\/v2\/pages\/480","targetHints":{"allow":["GET"]}}],"collection":[{"href":"https:\/\/kosztolanyigimnazium.hu\/index.php?rest_route=\/wp\/v2\/pages"}],"about":[{"href":"https:\/\/kosztolanyigimnazium.hu\/index.php?rest_route=\/wp\/v2\/types\/page"}],"author":[{"embeddable":true,"href":"https:\/\/kosztolanyigimnazium.hu\/index.php?rest_route=\/wp\/v2\/users\/1"}],"replies":[{"embeddable":true,"href":"https:\/\/kosztolanyigimnazium.hu\/index.php?rest_route=%2Fwp%2Fv2%2Fcomments&post=480"}],"version-history":[{"count":2,"href":"https:\/\/kosztolanyigimnazium.hu\/index.php?rest_route=\/wp\/v2\/pages\/480\/revisions"}],"predecessor-version":[{"id":812,"href":"https:\/\/kosztolanyigimnazium.hu\/index.php?rest_route=\/wp\/v2\/pages\/480\/revisions\/812"}],"up":[{"embeddable":true,"href":"https:\/\/kosztolanyigimnazium.hu\/index.php?rest_route=\/wp\/v2\/pages\/130"}],"wp:attachment":[{"href":"https:\/\/kosztolanyigimnazium.hu\/index.php?rest_route=%2Fwp%2Fv2%2Fmedia&parent=480"}],"curies":[{"name":"wp","href":"https:\/\/api.w.org\/{rel}","templated":true}]}}

Kérelmek

<p>Az iskolához intézett kérelmek formanyomtatványai.</p>



<div class="wp-block-file"><a href="https://kosztolanyigimnazium.hu/wp-content/uploads/2019/04/kdg-kerelmek-kulonbozetivizsga-2017.pdf">Kosztolányi Dezső Gimnázium &#8211; Kérelem Különbözeti Vizsgához: </a><a href="https://kosztolanyigimnazium.hu/wp-content/uploads/2019/04/kdg-kerelmek-kulonbozetivizsga-2017.pdf" class="wp-block-file__button" download>Letöltés</a></div>



<hr class="wp-block-separator"/>



<h4 class="wp-block-heading">Mindennapos testnevelés 2 órája alóli felmentési kérelem&nbsp;</h4>



<p>A nemzeti köznevelésről szóló 2011. évi CXC. törvény alapján a&nbsp;<strong>mindennapos testnevelés heti 2 órája alól felmentés adható</strong>&nbsp;az alábbiak szerint:</p>



<p>&#8222;Az iskola a nappali rendszerű iskolai oktatásban azokban az osztályokban, amelyekben közismereti oktatás is folyik, azokon a tanítási napokon, amelyeken közismereti vagy szakmai elméleti oktatás is folyik, megszervezi a&nbsp;mindennapos testnevelést legalább napi egy testnevelés óra keretében, amelyből legfeljebb <strong>heti két óra</strong></p>



<ul class="wp-block-list"><li>a kerettanterv testnevelés tantárgyra vonatkozó rendelkezéseiben meghatározott oktatásszervezési formákkal, műveltségterületi oktatással,</li><li>versenyszerűen sporttevékenységet folytató&nbsp;igazolt, egyesületi tagsággal rendelkező vagy amatőr sportolói sportszerződés alapján sportoló tanuló kérelme alapján a tanévre érvényes&nbsp;versenyengedélye és a&nbsp;sportszervezete által kiállított igazolás birtokában a sportszervezet keretei között szervezett edzéssel,</li><li>egyesületben legalább heti két óra sporttevékenységet folytató&nbsp;tanuló kérelme alapján &#8211; amennyiben délután szervezett testnevelés órával ütközik &#8211; a félévre érvényes,&nbsp;az egyesület által kiállított igazolással&nbsp;váltható ki.</li></ul>



<p>A felmentési kérelem a&nbsp;letölthető, mellékletét képezi a sportszervezet/egyesület által az adott iskolai tanévre kiállított igazolás. A szülő által aláírt kérelmek sportszervezeti igazolással együtt történő&nbsp;leadási határideje: <strong>minden év szeptember 15.</strong></p>



<p>A mindennapos testnevelés iskolai&nbsp;csoportjainak szervezési feladatai miatt a&nbsp;határidőt követően kérelmet nem tudunk elfogadni! Megértésüket köszönjük.</p>



<div class="wp-block-file"><a href="https://kosztolanyigimnazium.hu/wp-content/uploads/2019/04/kdg-kerelmek-mindennapostestneveles.pdf">Kosztolányi Dezső Gimnázium &#8211; Kérelem Mindennapos Testnevelés felmentés: </a><a href="https://kosztolanyigimnazium.hu/wp-content/uploads/2019/04/kdg-kerelmek-mindennapostestneveles.pdf" class="wp-block-file__button" download>Letöltés</a></div>

<p>Az iskolához intézett kérelmek formanyomtatványai. Mindennapos testnevelés 2 órája alóli felmentési kérelem&nbsp; A nemzeti köznevelésről szóló 2011. évi CXC. törvény alapján a&nbsp;mindennapos testnevelés heti 2 órája alól felmentés adható&nbsp;az alábbiak szerint: &#8222;Az iskola a nappali rendszerű iskolai oktatásban azokban az <a href="https://kosztolanyigimnazium.hu/?page_id=480" class="read-more">Olvass tovább&#8230;</a></p>
