{"id":571,"date":"2019-04-17T19:45:06","date_gmt":"2019-04-17T19:45:06","guid":{"rendered":"http:\/\/localhost:8888\/?page_id=571"},"modified":"2022-06-23T21:25:53","modified_gmt":"2022-06-23T20:25:53","slug":"informatika","status":"publish","type":"page","link":"https:\/\/kosztolanyigimnazium.hu\/?page_id=571","title":{"rendered":"Informatika &#8211; Digit\u00e1lis Kult\u00fara"},"content":{"rendered":"\n<h3 class=\"wp-block-heading\" id=\"az-iskolaban-hasznalt-szoftverek-listaja\">Az iskol\u00e1ban haszn\u00e1lt szoftverek list\u00e1ja:<\/h3>\n\n\n\n<ul class=\"wp-block-list\" id=\"block-879a8cbd-ecf4-4f8c-aa46-868b16bb0573\"><li>Oper\u00e1ci\u00f3s rendszer:\u00a0<strong>Microsoft Windows 10<\/strong><\/li><li>Irodai programcsomag:\u00a0<strong>Microsoft Office 2019\u00a0<a class=\"ek-link\" href=\"https:\/\/o365.oh.gov.hu\">(Word, Excel, PowerPoint,<\/a> Access)<\/strong><\/li><li>K\u00e9pszerkeszt\u0151:\u00a0<strong><a href=\"http:\/\/www.gimp.org\/downloads\/\">GIMP<\/a>,\u00a0<a href=\"http:\/\/www.inkscape.org\/en\/download\/\">INKScape<\/a><\/strong><\/li><li>Programoz\u00e1s:\u00a0<strong><a href=\"https:\/\/code.visualstudio.com\/?wt.mc_id=DX_841432\">VisualStudio Code<\/a>,\u00a0<a href=\"http:\/\/scratch.mit.edu\/scratch_1.4\/\">Scratch<\/a><\/strong><\/li><li>Webszerkeszt\u0151:<strong> Csak HTML k\u00f3dokkal t\u00f6rt\u00e9nik a wbszerkeszt\u00e9s<\/strong> (BlueFish, VS Code)<\/li><\/ul>\n","protected":false},"excerpt":{"rendered":"<p>Az iskol\u00e1ban haszn\u00e1lt szoftverek list\u00e1ja: Oper\u00e1ci\u00f3s rendszer:\u00a0Microsoft Windows 10 Irodai programcsomag:\u00a0Microsoft Office 2019\u00a0(Word, Excel, PowerPoint, Access) K\u00e9pszerkeszt\u0151:\u00a0GIMP,\u00a0INKScape Programoz\u00e1s:\u00a0VisualStudio Code,\u00a0Scratch Webszerkeszt\u0151: Csak HTML k\u00f3dokkal t\u00f6rt\u00e9nik a wbszerkeszt\u00e9s (BlueFish, VS Code)<\/p>\n","protected":false},"author":1,"featured_media":0,"parent":627,"menu_order":0,"comment_status":"closed","ping_status":"closed","template":"","meta":{"footnotes":""},"class_list":["post-571","page","type-page","status-publish","hentry"],"_links":{"self":[{"href":"https:\/\/kosztolanyigimnazium.hu\/index.php?rest_route=\/wp\/v2\/pages\/571","targetHints":{"allow":["GET"]}}],"collection":[{"href":"https:\/\/kosztolanyigimnazium.hu\/index.php?rest_route=\/wp\/v2\/pages"}],"about":[{"href":"https:\/\/kosztolanyigimnazium.hu\/index.php?rest_route=\/wp\/v2\/types\/page"}],"author":[{"embeddable":true,"href":"https:\/\/kosztolanyigimnazium.hu\/index.php?rest_route=\/wp\/v2\/users\/1"}],"replies":[{"embeddable":true,"href":"https:\/\/kosztolanyigimnazium.hu\/index.php?rest_route=%2Fwp%2Fv2%2Fcomments&post=571"}],"version-history":[{"count":19,"href":"https:\/\/kosztolanyigimnazium.hu\/index.php?rest_route=\/wp\/v2\/pages\/571\/revisions"}],"predecessor-version":[{"id":3806,"href":"https:\/\/kosztolanyigimnazium.hu\/index.php?rest_route=\/wp\/v2\/pages\/571\/revisions\/3806"}],"up":[{"embeddable":true,"href":"https:\/\/kosztolanyigimnazium.hu\/index.php?rest_route=\/wp\/v2\/pages\/627"}],"wp:attachment":[{"href":"https:\/\/kosztolanyigimnazium.hu\/index.php?rest_route=%2Fwp%2Fv2%2Fmedia&parent=571"}],"curies":[{"name":"wp","href":"https:\/\/api.w.org\/{rel}","templated":true}]}}