{"id":583,"date":"2019-04-17T19:53:45","date_gmt":"2019-04-17T19:53:45","guid":{"rendered":"http:\/\/localhost:8888\/?page_id=583"},"modified":"2019-04-23T17:42:55","modified_gmt":"2019-04-23T17:42:55","slug":"magyar-nyelv-es-irodalom","status":"publish","type":"page","link":"https:\/\/kosztolanyigimnazium.hu\/?page_id=583","title":{"rendered":"Magyar Nyelv \u00e9s Irodalom"},"content":{"rendered":"\n<div class=\"wp-block-file\"><a href=\"\/wp-content\/uploads\/2019\/04\/kdg-irodalomnyelvtan-16-17-kotelezoolvasmanyok.pdf\">K\u00f6telez\u0151 olvasm\u00e1nyok list\u00e1ja 2016\/2017.<\/a><a href=\"\/wp-content\/uploads\/2019\/04\/kdg-irodalomnyelvtan-16-17-kotelezoolvasmanyok.pdf\" class=\"wp-block-file__button\" download>Let\u00f6lt\u00e9s<\/a><\/div>\n","protected":false},"excerpt":{"rendered":"","protected":false},"author":1,"featured_media":859,"parent":627,"menu_order":0,"comment_status":"closed","ping_status":"closed","template":"","meta":{"footnotes":""},"class_list":["post-583","page","type-page","status-publish","has-post-thumbnail","hentry"],"_links":{"self":[{"href":"https:\/\/kosztolanyigimnazium.hu\/index.php?rest_route=\/wp\/v2\/pages\/583","targetHints":{"allow":["GET"]}}],"collection":[{"href":"https:\/\/kosztolanyigimnazium.hu\/index.php?rest_route=\/wp\/v2\/pages"}],"about":[{"href":"https:\/\/kosztolanyigimnazium.hu\/index.php?rest_route=\/wp\/v2\/types\/page"}],"author":[{"embeddable":true,"href":"https:\/\/kosztolanyigimnazium.hu\/index.php?rest_route=\/wp\/v2\/users\/1"}],"replies":[{"embeddable":true,"href":"https:\/\/kosztolanyigimnazium.hu\/index.php?rest_route=%2Fwp%2Fv2%2Fcomments&post=583"}],"version-history":[{"count":2,"href":"https:\/\/kosztolanyigimnazium.hu\/index.php?rest_route=\/wp\/v2\/pages\/583\/revisions"}],"predecessor-version":[{"id":860,"href":"https:\/\/kosztolanyigimnazium.hu\/index.php?rest_route=\/wp\/v2\/pages\/583\/revisions\/860"}],"up":[{"embeddable":true,"href":"https:\/\/kosztolanyigimnazium.hu\/index.php?rest_route=\/wp\/v2\/pages\/627"}],"wp:featuredmedia":[{"embeddable":true,"href":"https:\/\/kosztolanyigimnazium.hu\/index.php?rest_route=\/wp\/v2\/media\/859"}],"wp:attachment":[{"href":"https:\/\/kosztolanyigimnazium.hu\/index.php?rest_route=%2Fwp%2Fv2%2Fmedia&parent=583"}],"curies":[{"name":"wp","href":"https:\/\/api.w.org\/{rel}","templated":true}]}}