{"id":616,"date":"2019-04-18T08:14:02","date_gmt":"2019-04-18T08:14:02","guid":{"rendered":"http:\/\/localhost:8888\/?page_id=616"},"modified":"2019-04-18T08:14:02","modified_gmt":"2019-04-18T08:14:02","slug":"programok-palyazatok-projektek","status":"publish","type":"page","link":"https:\/\/kosztolanyigimnazium.hu\/?page_id=616","title":{"rendered":"Programok &#8211; P\u00e1ly\u00e1zatok &#8211; Projektek"},"content":{"rendered":"\n<p>A Kosztol\u00e1nyi Dezs\u0151 Gimn\u00e1zium \u00e9lete nem mindennapos, hiszen sz\u00e1mtalan programon \u00e9s p\u00e1ly\u00e1zaton vesznek r\u00e9szt di\u00e1kjaink. Ezeket a projekteket nagyr\u00e9sz egyed\u00fcl k\u00e9sz\u00edtik, \u00edgy k\u00e9s\u0151bb az \u00e9letben elk\u00e9sz\u00edtend\u0151 munk\u00e1ikra gyakorolnak.<\/p>\n","protected":false},"excerpt":{"rendered":"<p>A Kosztol\u00e1nyi Dezs\u0151 Gimn\u00e1zium \u00e9lete nem mindennapos, hiszen sz\u00e1mtalan programon \u00e9s p\u00e1ly\u00e1zaton vesznek r\u00e9szt di\u00e1kjaink. Ezeket a projekteket nagyr\u00e9sz egyed\u00fcl k\u00e9sz\u00edtik, \u00edgy k\u00e9s\u0151bb az \u00e9letben elk\u00e9sz\u00edtend\u0151 munk\u00e1ikra gyakorolnak.<\/p>\n","protected":false},"author":1,"featured_media":0,"parent":0,"menu_order":0,"comment_status":"closed","ping_status":"closed","template":"","meta":{"footnotes":""},"class_list":["post-616","page","type-page","status-publish","hentry"],"_links":{"self":[{"href":"https:\/\/kosztolanyigimnazium.hu\/index.php?rest_route=\/wp\/v2\/pages\/616","targetHints":{"allow":["GET"]}}],"collection":[{"href":"https:\/\/kosztolanyigimnazium.hu\/index.php?rest_route=\/wp\/v2\/pages"}],"about":[{"href":"https:\/\/kosztolanyigimnazium.hu\/index.php?rest_route=\/wp\/v2\/types\/page"}],"author":[{"embeddable":true,"href":"https:\/\/kosztolanyigimnazium.hu\/index.php?rest_route=\/wp\/v2\/users\/1"}],"replies":[{"embeddable":true,"href":"https:\/\/kosztolanyigimnazium.hu\/index.php?rest_route=%2Fwp%2Fv2%2Fcomments&post=616"}],"version-history":[{"count":1,"href":"https:\/\/kosztolanyigimnazium.hu\/index.php?rest_route=\/wp\/v2\/pages\/616\/revisions"}],"predecessor-version":[{"id":617,"href":"https:\/\/kosztolanyigimnazium.hu\/index.php?rest_route=\/wp\/v2\/pages\/616\/revisions\/617"}],"wp:attachment":[{"href":"https:\/\/kosztolanyigimnazium.hu\/index.php?rest_route=%2Fwp%2Fv2%2Fmedia&parent=616"}],"curies":[{"name":"wp","href":"https:\/\/api.w.org\/{rel}","templated":true}]}}