{"id":880,"date":"2019-04-26T21:22:50","date_gmt":"2019-04-26T19:22:50","guid":{"rendered":"https:\/\/kosztolanyigimnazium.hu\/?page_id=880"},"modified":"2025-04-01T09:49:18","modified_gmt":"2025-04-01T08:49:18","slug":"szocialis-munkas","status":"publish","type":"page","link":"https:\/\/kosztolanyigimnazium.hu\/?page_id=880","title":{"rendered":"Szoci\u00e1lis munk\u00e1s"},"content":{"rendered":"\n<h2 class=\"wp-block-heading\"><strong>BUDAV\u00c1RI SZOCI\u00c1LIS \u00c9S<\/strong><strong><\/strong><strong>GYERMEKJ\u00d3L\u00c9TI SZOLG\u00c1LTAT\u00c1SI<\/strong><strong><\/strong><strong>K\u00d6ZPONT<\/strong><\/h2>\n\n\n\n<p>T\u00e1j\u00e9koztat\u00f3az \u00f3vodai \u00e9s iskolai szoci\u00e1lis seg\u00edt\u0151 tev\u00e9kenys\u00e9gr\u0151l<\/p>\n\n\n\n<p>2018. szeptember\u00e9t\u0151l a Gyermekv\u00e9delmi T\u00f6rv\u00e9ny kieg\u00e9sz\u00edt\u00e9sek\u00e9nt l\u00e9trehozt\u00e1k az \u00f3vodai \u00e9s iskolai szoci\u00e1lis seg\u00edt\u0151 munkak\u00f6rt.&nbsp;<\/p>\n\n\n\n<p><em>,,Az \u00f3vodai \u00e9s iskolai szoci\u00e1lis seg\u00edt\u0151 szolg\u00e1ltat\u00e1s c\u00e9lja a gyermek vesz\u00e9lyeztetetts\u00e9g\u00e9nek megel\u0151z\u00e9se \u00e9rdek\u00e9ben a szoci\u00e1lis seg\u00edt\u0151 munka eszk\u00f6zeivel t\u00e1mogat\u00e1st ny\u00fajtani a k\u00f6znevel\u00e9si int\u00e9zm\u00e9nybe j\u00e1r\u00f3 gyermekeknek, a gyermek csal\u00e1dj\u00e1nak \u00e9s a k\u00f6znevel\u00e9si int\u00e9zm\u00e9ny pedag\u00f3gusainak, az int\u00e9zm\u00e9nyben megjelen\u0151 szakembereknek.\u201d<sup>[1]<\/sup><\/em><\/p>\n\n\n\n<p>A szoci\u00e1lis seg\u00edt\u0151t \u00f6nk\u00e9nt kereshetik fel a gyermekek, sz\u00fcl\u0151k, pedag\u00f3gusok \u00e9s m\u00e1s szakemberek.&nbsp;<\/p>\n\n\n\n<p>Az \u00f3vodai \u00e9s iskolai szoci\u00e1lis seg\u00edt\u0151 a k\u00f6vetkez\u0151 feladatokat l\u00e1tja el a k\u00f6znevel\u00e9si int\u00e9zm\u00e9nyben:<\/p>\n\n\n\n<ul class=\"wp-block-list\">\n<li>Inform\u00e1ci\u00f3ny\u00fajt\u00e1s az el\u00e9rhet\u0151 szolg\u00e1ltat\u00e1sokr\u00f3l, a szoci\u00e1lis ell\u00e1t\u00f3rendszerr\u0151l<\/li>\n\n\n\n<li>K\u00f6zrem\u0171k\u00f6d\u00e9s \u00e9s seg\u00edts\u00e9gny\u00fajt\u00e1s \u00fcgyint\u00e9z\u00e9sben<\/li>\n\n\n\n<li>Egy\u00e9ni tan\u00e1csad\u00e1s, konzult\u00e1ci\u00f3 tanul\u00f3k, sz\u00fcl\u0151k, pedag\u00f3gusok \u00e9s m\u00e1s szakemberek r\u00e9sz\u00e9re\u00a0<\/li>\n\n\n\n<li>K\u00f6z\u00f6ss\u00e9gi programok szervez\u00e9s\u00e9ben val\u00f3 r\u00e9szv\u00e9tel<\/li>\n\n\n\n<li>Csoportfoglalkoz\u00e1sok szervez\u00e9se<\/li>\n\n\n\n<li>Gyermekv\u00e9delmi feladatok ell\u00e1t\u00e1sa<\/li>\n\n\n\n<li>Jelz\u0151rendszer m\u0171k\u00f6d\u00e9s\u00e9nek seg\u00edt\u00e9se<\/li>\n\n\n\n<li>K\u00f6zvet\u00edt\u00e9s konfliktusos helyzetekben<\/li>\n<\/ul>\n\n\n\n<p>\u00d3vodai \u00e9s iskolai szoci\u00e1lis seg\u00edt\u0151 neve:\u00a0<strong><strong>B\u00e1nyai-Kiri\u00e1k Klaudia<\/strong><\/strong><\/p>\n\n\n\n<ul class=\"wp-block-list\">\n<li>el\u00e9rhet\u0151s\u00e9ge:\u00a006 1\u00a0356 8663, 06 1\u00a0356 9599, (int\u00e9zm\u00e9nyi) 06-20-428-4379<\/li>\n\n\n\n<li>e-mail c\u00edme: <a class=\"ek-link\" href=\"mailto:segito@kosztolanyigimnazium.hu\">Azonnali \u00fczenet k\u00fcld\u00e9se!<\/a><\/li>\n\n\n\n<li>\u00dcgyeleti ideje: H:9-11, Cs:9-11<\/li>\n\n\n\n<li>\u00dcgyeleti helye:\u00a0Kosztol\u00e1nyi Dezs\u0151 Gimn\u00e1zium 117-es terem<\/li>\n<\/ul>\n\n\n\n<hr class=\"wp-block-separator has-css-opacity\"\/>\n\n\n\n<p><sup>[1]<\/sup><em>Szakmai aj\u00e1nl\u00e1s az \u00f3vodai \u00e9s iskolai szoci\u00e1lis seg\u00edt\u0151 tev\u00e9kenys\u00e9g bevezet\u00e9s\u00e9hez<\/em><\/p>\n\n\n\n<p><strong>B\u00e1nyai-Kiri\u00e1k Klaudia<\/strong> <a href=\"https:\/\/drive.google.com\/file\/d\/160l64zhecrKJpf9MUoasS4Oav2xhm2tj\/view?usp=drive_link\" target=\"_blank\" rel=\"noreferrer noopener\">Bemutatkoz\u00e1s<\/a><\/p>\n","protected":false},"excerpt":{"rendered":"<p>BUDAV\u00c1RI SZOCI\u00c1LIS \u00c9SGYERMEKJ\u00d3L\u00c9TI SZOLG\u00c1LTAT\u00c1SIK\u00d6ZPONT T\u00e1j\u00e9koztat\u00f3az \u00f3vodai \u00e9s iskolai szoci\u00e1lis seg\u00edt\u0151 tev\u00e9kenys\u00e9gr\u0151l 2018. szeptember\u00e9t\u0151l a Gyermekv\u00e9delmi T\u00f6rv\u00e9ny kieg\u00e9sz\u00edt\u00e9sek\u00e9nt l\u00e9trehozt\u00e1k az \u00f3vodai \u00e9s iskolai szoci\u00e1lis seg\u00edt\u0151 munkak\u00f6rt.&nbsp; ,,Az \u00f3vodai \u00e9s iskolai szoci\u00e1lis seg\u00edt\u0151 szolg\u00e1ltat\u00e1s c\u00e9lja a gyermek vesz\u00e9lyeztetetts\u00e9g\u00e9nek megel\u0151z\u00e9se \u00e9rdek\u00e9ben a szoci\u00e1lis <a href=\"https:\/\/kosztolanyigimnazium.hu\/?page_id=880\" class=\"read-more\">Olvass tov\u00e1bb&#8230;<\/a><\/p>\n","protected":false},"author":1,"featured_media":881,"parent":473,"menu_order":0,"comment_status":"closed","ping_status":"closed","template":"","meta":{"footnotes":""},"class_list":["post-880","page","type-page","status-publish","has-post-thumbnail","hentry"],"_links":{"self":[{"href":"https:\/\/kosztolanyigimnazium.hu\/index.php?rest_route=\/wp\/v2\/pages\/880","targetHints":{"allow":["GET"]}}],"collection":[{"href":"https:\/\/kosztolanyigimnazium.hu\/index.php?rest_route=\/wp\/v2\/pages"}],"about":[{"href":"https:\/\/kosztolanyigimnazium.hu\/index.php?rest_route=\/wp\/v2\/types\/page"}],"author":[{"embeddable":true,"href":"https:\/\/kosztolanyigimnazium.hu\/index.php?rest_route=\/wp\/v2\/users\/1"}],"replies":[{"embeddable":true,"href":"https:\/\/kosztolanyigimnazium.hu\/index.php?rest_route=%2Fwp%2Fv2%2Fcomments&post=880"}],"version-history":[{"count":8,"href":"https:\/\/kosztolanyigimnazium.hu\/index.php?rest_route=\/wp\/v2\/pages\/880\/revisions"}],"predecessor-version":[{"id":5168,"href":"https:\/\/kosztolanyigimnazium.hu\/index.php?rest_route=\/wp\/v2\/pages\/880\/revisions\/5168"}],"up":[{"embeddable":true,"href":"https:\/\/kosztolanyigimnazium.hu\/index.php?rest_route=\/wp\/v2\/pages\/473"}],"wp:featuredmedia":[{"embeddable":true,"href":"https:\/\/kosztolanyigimnazium.hu\/index.php?rest_route=\/wp\/v2\/media\/881"}],"wp:attachment":[{"href":"https:\/\/kosztolanyigimnazium.hu\/index.php?rest_route=%2Fwp%2Fv2%2Fmedia&parent=880"}],"curies":[{"name":"wp","href":"https:\/\/api.w.org\/{rel}","templated":true}]}}

Szociális munkás

<h2 class="wp-block-heading"><strong>BUDAVÁRI SZOCIÁLIS ÉS</strong><strong></strong><strong>GYERMEKJÓLÉTI SZOLGÁLTATÁSI</strong><strong></strong><strong>KÖZPONT</strong></h2>



<p>Tájékoztatóaz óvodai és iskolai szociális segítő tevékenységről</p>



<p>2018. szeptemberétől a Gyermekvédelmi Törvény kiegészítéseként létrehozták az óvodai és iskolai szociális segítő munkakört.&nbsp;</p>



<p><em>,,Az óvodai és iskolai szociális segítő szolgáltatás célja a gyermek veszélyeztetettségének megelőzése érdekében a szociális segítő munka eszközeivel támogatást nyújtani a köznevelési intézménybe járó gyermekeknek, a gyermek családjának és a köznevelési intézmény pedagógusainak, az intézményben megjelenő szakembereknek.”<sup>[1]</sup></em></p>



<p>A szociális segítőt önként kereshetik fel a gyermekek, szülők, pedagógusok és más szakemberek.&nbsp;</p>



<p>Az óvodai és iskolai szociális segítő a következő feladatokat látja el a köznevelési intézményben:</p>



<ul class="wp-block-list">
<li>Információnyújtás az elérhető szolgáltatásokról, a szociális ellátórendszerről</li>



<li>Közreműködés és segítségnyújtás ügyintézésben</li>



<li>Egyéni tanácsadás, konzultáció tanulók, szülők, pedagógusok és más szakemberek részére </li>



<li>Közösségi programok szervezésében való részvétel</li>



<li>Csoportfoglalkozások szervezése</li>



<li>Gyermekvédelmi feladatok ellátása</li>



<li>Jelzőrendszer működésének segítése</li>



<li>Közvetítés konfliktusos helyzetekben</li>
</ul>



<p>Óvodai és iskolai szociális segítő neve: <strong><strong>Bányai-Kiriák Klaudia</strong></strong></p>



<ul class="wp-block-list">
<li>elérhetősége: 06 1 356 8663, 06 1 356 9599, (intézményi) 06-20-428-4379</li>



<li>e-mail címe: <a class="ek-link" href="mailto:segito@kosztolanyigimnazium.hu">Azonnali üzenet küldése!</a></li>



<li>Ügyeleti ideje: H:9-11, Cs:9-11</li>



<li>Ügyeleti helye: Kosztolányi Dezső Gimnázium 117-es terem</li>
</ul>



<hr class="wp-block-separator has-css-opacity"/>



<p><sup>[1]</sup><em>Szakmai ajánlás az óvodai és iskolai szociális segítő tevékenység bevezetéséhez</em></p>



<p><strong>Bányai-Kiriák Klaudia</strong> <a href="https://drive.google.com/file/d/160l64zhecrKJpf9MUoasS4Oav2xhm2tj/view?usp=drive_link" target="_blank" rel="noreferrer noopener">Bemutatkozás</a></p>

<p>BUDAVÁRI SZOCIÁLIS ÉSGYERMEKJÓLÉTI SZOLGÁLTATÁSIKÖZPONT Tájékoztatóaz óvodai és iskolai szociális segítő tevékenységről 2018. szeptemberétől a Gyermekvédelmi Törvény kiegészítéseként létrehozták az óvodai és iskolai szociális segítő munkakört.&nbsp; ,,Az óvodai és iskolai szociális segítő szolgáltatás célja a gyermek veszélyeztetettségének megelőzése érdekében a szociális <a href="https://kosztolanyigimnazium.hu/?page_id=880" class="read-more">Olvass tovább&#8230;</a></p>
