{"id":94,"date":"2019-04-16T05:59:03","date_gmt":"2019-04-16T05:59:03","guid":{"rendered":"http:\/\/localhost:8888\/?page_id=94"},"modified":"2019-04-18T08:18:40","modified_gmt":"2019-04-18T08:18:40","slug":"csengetesi-rend","status":"publish","type":"page","link":"https:\/\/kosztolanyigimnazium.hu\/?page_id=94","title":{"rendered":"Csenget\u00e9si rend"},"content":{"rendered":"\n<figure class=\"wp-block-image\"><img loading=\"lazy\" decoding=\"async\" width=\"1024\" height=\"671\" src=\"http:\/\/localhost:8888\/wp-content\/uploads\/2019\/04\/Screenshot-2019-04-16-at-7.56.41-1024x671.png\" alt=\"Kosztol\u00e1nyi Dezs\u0151 Gimn\u00e1zium &quot;saj\u00e1t&quot; csenget\u00e9si rendje\" class=\"wp-image-95\" srcset=\"https:\/\/kosztolanyigimnazium.hu\/wp-content\/uploads\/2019\/04\/Screenshot-2019-04-16-at-7.56.41-1024x671.png 1024w, https:\/\/kosztolanyigimnazium.hu\/wp-content\/uploads\/2019\/04\/Screenshot-2019-04-16-at-7.56.41-300x197.png 300w, https:\/\/kosztolanyigimnazium.hu\/wp-content\/uploads\/2019\/04\/Screenshot-2019-04-16-at-7.56.41-768x504.png 768w, https:\/\/kosztolanyigimnazium.hu\/wp-content\/uploads\/2019\/04\/Screenshot-2019-04-16-at-7.56.41-360x236.png 360w, https:\/\/kosztolanyigimnazium.hu\/wp-content\/uploads\/2019\/04\/Screenshot-2019-04-16-at-7.56.41.png 1098w\" sizes=\"auto, (max-width: 1024px) 100vw, 1024px\" \/><figcaption>Kosztol\u00e1nyi Dezs\u0151 Gimn\u00e1zium &#8222;saj\u00e1t&#8221; csenget\u00e9si rendje<\/figcaption><\/figure>\n\n\n\n<h2 class=\"wp-block-heading\">Tan\u00edt\u00e1si napokon<\/h2>\n\n\n\n<table class=\"wp-block-table\"><thead><tr><th>\u00d3ra<\/th><th>Becs\u00f6nget\u00e9s<\/th><th>Kics\u00f6nget\u00e9s<\/th><th>Sz\u00fcnet<\/th><\/tr><\/thead><tbody><tr><td>1.<\/td><td>7:40<\/td><td>8:25<\/td><td>10 perc<\/td><\/tr><tr><td>2.<\/td><td>8:35<\/td><td>9:20<\/td><td>15 perc<\/td><\/tr><tr><td>3.<\/td><td>9:35<\/td><td>10:20<\/td><td>10 perc<\/td><\/tr><tr><td>4.<\/td><td>10:30<\/td><td>11:15<\/td><td>10 perc<\/td><\/tr><tr><td>5.<\/td><td>11:25<\/td><td>12:10<\/td><td>20 perc<\/td><\/tr><tr><td>6.<\/td><td>12:30<\/td><td>13:15<\/td><td>20 perc<\/td><\/tr><tr><td>7.<\/td><td>13:35<\/td><td>14:20<\/td><td>10 perc<\/td><\/tr><tr><td>8.<\/td><td>14:30<\/td><td>15:15<\/td><\/tr><\/tbody><\/table>\n\n\n\n<h3 class=\"wp-block-heading\">Speci\u00e1lis napokon<\/h3>\n\n\n\n<p>K\u00fcl\u00f6n meghat\u00e1roz\u00e1s alapj\u00e1n, \u00e1ltal\u00e1ban a 2-5. \u00f3r\u00e1k ker\u00fclnek megtart\u00e1sra.<\/p>\n","protected":false},"excerpt":{"rendered":"<p>Tan\u00edt\u00e1si napokon \u00d3ra Becs\u00f6nget\u00e9s Kics\u00f6nget\u00e9s Sz\u00fcnet 1. 7:40 8:25 10 perc 2. 8:35 9:20 15 perc 3. 9:35 10:20 10 perc 4. 10:30 11:15 10 perc 5. 11:25 12:10 20 perc 6. 12:30 13:15 20 perc 7. 13:35 14:20 10 <a href=\"https:\/\/kosztolanyigimnazium.hu\/?page_id=94\" class=\"read-more\">Olvass tov\u00e1bb&#8230;<\/a><\/p>\n","protected":false},"author":1,"featured_media":0,"parent":620,"menu_order":0,"comment_status":"closed","ping_status":"closed","template":"","meta":{"footnotes":""},"class_list":["post-94","page","type-page","status-publish","hentry"],"_links":{"self":[{"href":"https:\/\/kosztolanyigimnazium.hu\/index.php?rest_route=\/wp\/v2\/pages\/94","targetHints":{"allow":["GET"]}}],"collection":[{"href":"https:\/\/kosztolanyigimnazium.hu\/index.php?rest_route=\/wp\/v2\/pages"}],"about":[{"href":"https:\/\/kosztolanyigimnazium.hu\/index.php?rest_route=\/wp\/v2\/types\/page"}],"author":[{"embeddable":true,"href":"https:\/\/kosztolanyigimnazium.hu\/index.php?rest_route=\/wp\/v2\/users\/1"}],"replies":[{"embeddable":true,"href":"https:\/\/kosztolanyigimnazium.hu\/index.php?rest_route=%2Fwp%2Fv2%2Fcomments&post=94"}],"version-history":[{"count":1,"href":"https:\/\/kosztolanyigimnazium.hu\/index.php?rest_route=\/wp\/v2\/pages\/94\/revisions"}],"predecessor-version":[{"id":96,"href":"https:\/\/kosztolanyigimnazium.hu\/index.php?rest_route=\/wp\/v2\/pages\/94\/revisions\/96"}],"up":[{"embeddable":true,"href":"https:\/\/kosztolanyigimnazium.hu\/index.php?rest_route=\/wp\/v2\/pages\/620"}],"wp:attachment":[{"href":"https:\/\/kosztolanyigimnazium.hu\/index.php?rest_route=%2Fwp%2Fv2%2Fmedia&parent=94"}],"curies":[{"name":"wp","href":"https:\/\/api.w.org\/{rel}","templated":true}]}}